 3*q = -0*w - 46. Calculate the highest common factor of w and r.
23
Let j be (672/(-70))/(1/(-5)). Suppose 0 = -4*k - o + 96, 2*k - o = 4*o + j. Calculate the highest common divisor of k and 64.
8
Let h = -31617 - -31757. What is the greatest common factor of h and 721?
7
Suppose -71 = -3*x - l - 0*l, 2*l = 4. Let z be (8 + (-696)/88 + 0)/(3/33). Calculate the greatest common factor of z and x.
1
Suppose -99*k = -93*k - 684. Suppose -137 = -4*v - o, 0*o = -3*v + 3*o + k. Calculate the greatest common factor of v and 385.
35
Suppose -3*m = -5*r - 282 - 249, -428 = 4*r - 4*m. Let o = r + 163. What is the highest common divisor of 2 and o?
2
Let w be 1*((-7 - 0) + 12). Suppose w*g - 25 = 0, -13*g = 5*j - 9*g - 4145. What is the highest common factor of 75 and j?
75
Let f(j) = -3*j + 7. Let o be f(2). Let w be (4/o + -1)*44. Suppose -3*q = -5*h - w, -4*q - 4*h + 153 = -3*h. Calculate the highest common divisor of 273 and q.
39
Let r be -1 + (7 - 0) - 2. Let f(t) = t**2 + 17*t + 90. Let q be f(-10). Suppose 4*x - r = q. What is the highest common factor of x and 18?
6
Suppose t - 1 = 5*a, -4*a - 5 = 2*t - 7*t. Suppose 33*p - 1537 - 245 = a. What is the greatest common factor of 306 and p?
18
Let a be -11*(-18)/(-198)*(-1 + -359). What is the highest common divisor of 144 and a?
72
Let c(d) = d**2 + 12*d - 39. Let r be c(-17). Let f be 204/9 + 2/(-3). Let j = r - f. What is the highest common divisor of j and 36?
12
Let f(k) = -2*k**3 - k**2 + k - 6. Suppose 0 = -6*s + 15 - 27. Let r be f(s). Calculate the greatest common divisor of r and 4.
4
Suppose 63492 = -11584*z + 11621*z. What is the greatest common factor of 624 and z?
156
Let g(h) = h**3 + 3*h**2 - 15*h - 2. Let m be g(-5). What is the highest common divisor of 1679 and m?
23
Suppose 8*q = 3*q + 15. Suppose 0 = a - 4*t - 14 - 6, 0 = q*a - t - 38. Suppose 16 = y - a. Calculate the highest common factor of y and 224.
28
Let k(t) = 186*t + 10780. Let j be k(-57). Calculate the greatest common factor of 178 and j.
178
Let l(g) = -4*g**3 - 6*g**2 + 2*g - 2. Suppose -2*i = -k + 6, i + 9 = 3*k + 6. Let q be l(i). Calculate the greatest common divisor of q and 115.
23
Let d be (-772)/(-16) + (-6)/24. Let w = d + -46. Suppose -5*c = -3*g - 49 - 30, w*g - 4 = 0. What is the greatest common divisor of c and 187?
17
Let n = -18350 - -18626. Calculate the greatest common divisor of 132 and n.
12
Let p be 30/4*(-22)/(-55). Let z = -41 - p. Let j be ((-19)/38)/(2/z). Calculate the highest common factor of j and 88.
11
Suppose 61 = -5*m + 826. Let k be (-330)/(-11) + 33 + -12. What is the greatest common factor of m and k?
51
Suppose -22*q + 2990 = -12256. Calculate the greatest common factor of q and 165.
33
Let o(a) = 6*a**3 - 77*a**2 - 9*a - 48. Let m be o(13). Calculate the greatest common divisor of m and 5716.
4
Let w be (-61 - 1)/((-2)/(-4)). Let a = w + 184. Let b be (2 - 3)/((-1)/24). Calculate the greatest common divisor of b and a.
12
Suppose 4*u + 68 = -24. Let m(h) = h**3 + 23*h**2 - 2*h - 8. Let j be m(u). Calculate the highest common divisor of j and 133.
19
Let h(o) be the first derivative of -5*o**4 + 2*o**3/3 - o**2/2 - 4*o + 7. Let j be h(-1). Calculate the greatest common divisor of 38 and j.
19
Let n be 22 - 25 - (4 + -415). Calculate the highest common divisor of 3876 and n.
204
Suppose 6*u + 30 = 3*n, 2*u = 2*n + 5*u - 48. Calculate the greatest common divisor of n and 1398.
6
Let b = -149 - -86. Let y = 67 + b. Suppose -2*n = y*r - 134, 5*r = 7*r + 2*n - 62. What is the highest common divisor of 4 and r?
4
Let s be (-267)/(-15) + (-1)/(-5). Suppose -5*g + 867 = -4*x, -156 = -g - 425*x + 420*x. What is the highest common divisor of s and g?
9
Let p = 297 + -294. Suppose -l + 0*l - p*w + 458 = 0, 2*l + w = 941. Calculate the greatest common factor of 43 and l.
43
Let h(t) = -t**2 + 24*t - 69. Let q be h(20). Suppose -2*i + 3*a + 79 = 0, 0 = -q*i + 7*i + 5*a + 161. What is the highest common divisor of 308 and i?
44
Suppose -64*t + 16448 = 2368. What is the highest common factor of 1870 and t?
110
Let t(b) = b**3 + 5*b**2 - 34*b - 18. Let q be t(-9). Let i be (3/(-2))/(q/552). Calculate the greatest common factor of 161 and i.
23
Let g = 1012 + -936. Calculate the greatest common factor of 10 and g.
2
Let m be (-23)/(4370/(-2774)) - 10/(-25). Suppose -2*j + 7*j = 75. Let t be (-216)/2*j/(-12). What is the highest common divisor of t and m?
15
Suppose 5*y + 63 = -2*c, -2*y - 3*c = 8 + 26. Let w be (16/(-8))/(2/y). Suppose -20*j + 1109 + 651 = 0. Calculate the highest common divisor of w and j.
11
Suppose o + 37*o = 59926. Calculate the greatest common factor of o and 38.
19
Let v be (0 - -1)/(7/42). Suppose h - v = 9*t - 7*t, 5*t + 24 = 4*h. Suppose 15*s - h*s = 756. Calculate the highest common factor of 14 and s.
14
Suppose 4 = -14*w + 18*w. Let r be -108 - (-1 - (w + -3)). Let a = r + 178. What is the greatest common factor of a and 23?
23
Let z(n) = 29*n + 2990. Let j be z(-61). What is the greatest common divisor of j and 33?
33
Let z be (-10)/45 + 194/(-18). Let w(q) = -q**3 - 8*q**2 + 2*q + 23. Let u be w(z). Suppose -500 - u = -16*c. What is the greatest common divisor of 216 and c?
54
Let c(r) = -r**3 + 31*r**2 - 33*r + 94. Let i be c(30). Suppose -i*s = l + 5, 3*l + 3 = -s + 10. What is the greatest common factor of 243 and l?
3
Suppose -t + 60 = -0*t. Suppose 0 = 5*k - 0*v + 3*v + 25, 5*v + 17 = 4*k. Let g be (k - -3) + (-115)/(-5). What is the highest common factor of g and t?
12
Let g be (-24)/((-5184)/14283) + 1/(-8). Calculate the greatest common divisor of 858 and g.
66
Let u(y) = 8*y**2 + 28*y + 17. Let p(s) = s**2 + 1. Let k(g) = 4*p(g) - u(g). Let r be k(-5). Calculate the greatest common divisor of 3 and r.
3
Suppose -384*f - 5*m = -388*f + 760, -3*f - 4*m + 508 = 0. What is the greatest common factor of 12510 and f?
90
Let q = 359 - 359. Let s(g) = g**2 + 16*g + 230. Let f be s(q). What is the highest common factor of f and 92?
46
Let w(n) = 16*n**2 + 97*n - 500. Let b be w(5). Calculate the greatest common factor of b and 605.
55
Let o(j) = -j**2 + 82*j - 235. Let g be o(3). Calculate the greatest common factor of g and 26.
2
Suppose -2*s + 628 = 4*y, 5*s - y = -502 + 1995. Calculate the highest common divisor of 555 and s.
15
Let w(v) = 7 + v**2 - 2*v - 3*v + 19. Suppose 0 = 5*z - 5*s - 35, 4*s - 7 = -z + 7*s. Let t be w(z). Calculate the greatest common factor of 20 and t.
20
Let b(f) = 5*f + 17. Let d be b(7). Let r be ((-122)/(-4))/1 - 18/36. Let a = r - 17. What is the greatest common divisor of d and a?
13
Let l(i) = -321*i + 4212. Let m be l(13). Calculate the highest common divisor of 2340 and m.
39
Suppose 0 = -5*t + 2*w + 230, 2*t - 69 + 1 = -4*w. Let d = -1016 + 1588. What is the greatest common divisor of t and d?
44
Suppose 0 = -16*b + 100 + 124. What is the highest common divisor of b and 1428?
14
Let g = 44 - 71. Suppose -w = 3*q - 163, -1 = -4*w + 3. Let c = q + g. What is the greatest common divisor of c and 216?
27
Let c(i) = 22*i**2 - 4. Let s(r) = 22*r**2 - r - 4. Let v(p) = 3*c(p) - 2*s(p). Let f be v(1). Calculate the highest common divisor of f and 8.
4
Suppose r + 1 = n, 0*r - 4*r + 11 = n. Suppose r*z = -z + 1887. What is the greatest common divisor of z and 17?
17
Let l be (16176/168 + 2)*7/2. Calculate the greatest common factor of l and 88.
8
Suppose 4*c + 3*g = -2028, -2*c - 5*g = -7*g + 1028. Let u = c + 545. What is the highest common factor of u and 315?
35
Suppose 13*v - 11*v + 3*d = 19, 2*v + d - 13 = 0. Let o be 30/(12/(-2)) + v + 2. Calculate the highest common factor of o and 6.
2
Suppose -12*o + 52*o = 10400. What is the highest common factor of 754 and o?
26
Suppose -475 = -2*k - 3*g, 3*k - 2*g - 772 + 79 = 0. Let c = 243 - k. What is the greatest common divisor of c and 6?
2
Let b be 312/8 + 7 - -4. Let n(j) = 5*j**2 - 90*j - 25. Let q be n(20). Calculate the greatest common divisor of b and q.
25
Let h(t) = -15*t - 219. Let l be (-454)/30 - (-24)/180. Let w be h(l). What is the greatest common divisor of w and 78?
6
Suppose r - 5 = 4. Let w = -27 + 29. Suppose 5*q - w*h - 309 = 0, -q - 2*h + 108 = 39. What is the highest common factor of r and q?
9
Suppose -2*g = 4*t - 332, -149*t + 3*g = -146*t - 222. Calculate the hi